5.
5, 107, 141199
List the prime factors of 50501747.
17, 1447, 2053
What are the prime factors of 599816371?
7, 11, 7789823
What are the prime factors of 325494702?
2, 3, 13, 491, 2833
List the prime factors of 83569352.
2, 541, 19309
What are the prime factors of 39752232?
2, 3, 13, 103, 1237
What are the prime factors of 6007222?
2, 13, 17, 13591
What are the prime factors of 48588315?
3, 5, 31, 104491
What are the prime factors of 4754152?
2, 13, 17, 2689
List the prime factors of 27344874.
2, 3, 17, 227, 1181
What are the prime factors of 3342433403?
239, 2063, 6779
List the prime factors of 123655987.
7, 13, 1358857
List the prime factors of 42203777.
7, 11, 389, 1409
List the prime factors of 686344074.
2, 3, 13, 8799283
What are the prime factors of 101882738?
2, 43, 1184683
What are the prime factors of 9205606761?
3, 13, 19, 641, 19381
What are the prime factors of 24796134?
2, 3, 11, 61, 2053
What are the prime factors of 609943778?
2, 304971889
List the prime factors of 44042552.
2, 1289, 4271
List the prime factors of 103620550.
2, 5, 11, 188401
What are the prime factors of 1313170898?
2, 13, 3885121
What are the prime factors of 4166345?
5, 833269
List the prime factors of 42334437.
3, 17, 31, 26777
List the prime factors of 5637523443.
3, 12113, 155137
What are the prime factors of 70931970?
2, 3, 5, 29, 9059
List the prime factors of 64988276.
2, 31, 524099
List the prime factors of 113989566.
2, 3, 2699, 7039
What are the prime factors of 2007862640?
2, 5, 7, 43, 83383
What are the prime factors of 48241987?
751, 64237
What are the prime factors of 558231149?
7, 2099, 37993
What are the prime factors of 58446676?
2, 491, 29759
List the prime factors of 342198683.
19, 18010457
List the prime factors of 700205169.
3, 23, 10147901
What are the prime factors of 4282596417?
3, 11, 461, 281509
What are the prime factors of 495574224?
2, 3, 73, 233, 607
What are the prime factors of 4913938?
2, 109, 22541
List the prime factors of 137746227.
3, 37, 1240957
List the prime factors of 91875182.
2, 7, 53, 123821
What are the prime factors of 305305973?
7, 43615139
List the prime factors of 31190313.
3, 7, 11, 19289
What are the prime factors of 138362364?
2, 3, 7, 29, 6311
What are the prime factors of 15582729?
3, 347, 14969
List the prime factors of 24591596.
2, 107, 57457
List the prime factors of 104838188.
2, 7, 13, 149, 1933
List the prime factors of 699716075.
5, 269, 104047
List the prime factors of 2134129156.
2, 31, 17210719
List the prime factors of 325611892.
2, 19, 225493
List the prime factors of 2466873168.
2, 3, 29, 113, 15683
List the prime factors of 2091979671.
3, 1327, 525491
What are the prime factors of 172808420?
2, 5, 19, 454759
List the prime factors of 616254142.
2, 7, 44018153
List the prime factors of 5237143356.
2, 3, 19, 103, 223009
List the prime factors of 4908034958.
2, 2454017479
What are the prime factors of 54504655?
5, 2711, 4021
What are the prime factors of 143114895?
3, 5, 7, 11, 103, 401
List the prime factors of 3536019393.
3, 101, 11670031
What are the prime factors of 1052431382?
2, 439, 1198669
What are the prime factors of 373333244?
2, 163, 572597
List the prime factors of 196801884.
2, 3, 43, 127133
What are the prime factors of 636719821?
883, 721087
What are the prime factors of 10317082?
2, 317, 16273
List the prime factors of 6370817584.
2, 311, 1280309
What are the prime factors of 1699829659?
11, 1609, 8731
List the prime factors of 4321957706.
2, 11, 1289, 152407
What are the prime factors of 30543287?
23, 43, 89, 347
List the prime factors of 14565505.
5, 31, 93971
What are the prime factors of 1546126123?
53, 223, 130817
What are the prime factors of 67183641?
3, 7, 373, 953
What are the prime factors of 129283267?
67, 1929601
What are the prime factors of 2466386123?
149, 2239, 7393
List the prime factors of 222983706.
2, 3, 11, 1489, 2269
List the prime factors of 163579022.
2, 2879, 28409
List the prime factors of 307858946.
2, 109, 1412197
What are the prime factors of 587650773?
3, 757, 258763
What are the prime factors of 460263504?
2, 3, 9588823
What are the prime factors of 2740960247?
311, 1621, 5437
List the prime factors of 375390507.
3, 125130169
What are the prime factors of 46639900?
2, 5, 71, 6569
What are the prime factors of 206546203?
206546203
What are the prime factors of 210761072?
2, 19, 53, 103, 127
What are the prime factors of 5049818?
2, 2524909
List the prime factors of 2775362202.
2, 3, 509, 302921
List the prime factors of 80022052.
2, 11, 971, 1873
What are the prime factors of 89118810?
2, 3, 5, 11, 90019
List the prime factors of 308460445.
5, 347, 177787
What are the prime factors of 134452087?
7, 11, 149, 11719
What are the prime factors of 8000519483?
11, 71, 83, 1487
List the prime factors of 176580182.
2, 163, 541657
What are the prime factors of 33842405?
5, 6768481
List the prime factors of 47911538.
2, 29, 826061
List the prime factors of 64710066.
2, 3, 337, 32003
List the prime factors of 275579160.
2, 3, 5, 523, 4391
What are the prime factors of 4391033563?
7, 627290509
List the prime factors of 397903354.
2, 3137, 63421
What are the prime factors of 268880381?
7, 11, 17, 19, 569
What are the prime factors of 2490215968?
2, 5903, 13183
What are the prime factors of 75859212?
2, 3, 11, 13, 44207
List the prime factors of 3167797237.
11, 287981567
What are the prime factors of 1262959312?
2, 881, 89597
What are the prime factors of 50824066?
2, 23, 29, 31, 1229
List the prime factors of 139134883.
227, 612929
What are the prime factors of 777006703?
11, 41, 156623
What are the prime factors of 76806494?
2, 269, 367, 389
What are the prime factors of 123565818?
2, 3, 20594303
List the prime factors of 468584304.
2, 3, 983, 9931
What are the prime factors of 1639219538?
2, 11, 59, 1262881
List the prime factors of 7965157567.
257, 30992831
What are the prime factors of 110880870?
2, 3, 5, 1217, 3037
What are the prime factors of 65386985?
5, 83, 157559
List the prime factors of 68777141.
227, 302983
What are the prime factors of 1032109612?
2, 258027403
List the prime factors of 465003797.
465003797
List the prime factors of 268534995.
3, 5, 67, 267199
List the prime factors of 6561400129.
6561400129
List the prime factors of 1707792831.
3, 37, 5128507
What are the prime factors of 70271085?
3, 5, 61, 1259
What are the prime factors of 406037542?
2, 127, 1598573
List the prime factors of 235773291.
3, 13, 47, 293, 439
What are the prime factors of 345297837?
3, 115099279
List the prime factors of 14295848.
2, 7, 36469
List the prime factors of 88283693.
223, 395891
What are the prime factors of 661211539?
661211539
What are the prime factors of 102763190?
2, 5, 1493, 6883
List the prime factors of 247087014.
2, 3, 41181169
List the prime factors of 39120556.
2, 83, 117833
What are the prime factors of 229106321?
2731, 83891
List the prime factors of 7651662.
2, 3, 1275277
What are the prime factors of 977961160?
2, 5, 11, 19, 116981
List the prime factors of 272234414.
2, 136117207
What are the prime factors of 504676041?
3, 37, 4546631
List the prime factors of 373702438.
2, 8263, 22613
List the prime factors of 56850978.
2, 3, 71, 113, 1181
List the prime factors of 16180231.
29, 73, 7643
List the prime factors of 180677704.
2, 22584713
What are the prime factors of 263286755?
5, 2741, 19211
List the prime factors of 40599247.
13, 17, 183707
List the prime factors of 563451060.
2, 3, 5, 17, 552403
What are the prime factors of 4899276545?
5, 71, 443, 31153
List the prime factors of 794267981.
13, 61097537
List the prime factors of 390435222.
2, 3, 79, 823703
List the prime factors of 4343534816.
2, 17, 7984439
What are the prime factors of 148042673?
148042673
What are the prime factors of 1615728222?
2, 3, 9973631
What are the prime factors of 92671355?
5, 7, 449, 5897
List the prime factors of 771509074.
2, 7, 1913, 28807
List the prime factors of 176067251.
176067251
List the prime factors of 3558210.
2, 3, 5, 83, 1429
List the prime factors of 1708197524.
2, 11, 5981, 6491
What are the prime factors of 60083728?
2, 23, 43, 3797
List the prime factors of 504224938.
2, 7, 137, 151, 1741
List the prime factors of 1114983425.
5, 44599